ulate -2 + 2 + -3 + 5.
2
2 + (2 - -2 - (-1 - -1))
6
Calculate 7 + (0 - -7 - 8).
6
Evaluate -11 + 5 + (-3 - (-5 - -1)).
-5
-10 + (4 - 3) + (4 - 0)
-5
5 + 5 + -6 + 0
4
21 + -22 + 5 + 0 - -2
6
What is the value of (-4 - (3 + -11 + 5)) + -2?
-3
What is -12 - -11 - -13 - 10?
2
Calculate 5 + 1 + -4 - -3 - 1.
4
Evaluate (4 - 1) + -5 + (2 - 8).
-8
Calculate -11 + (6 - (-6 - (-1 - 5))).
-5
5 + (3 - (0 - -5))
3
Evaluate -5 - (-5 + -5) - (-1 - -11).
-5
Evaluate -3 + (11 - 18) - -11.
1
Evaluate (-10 - (-2 - 5)) + 1 - 1.
-3
-8 - (-4 + -3) - -6
5
What is 21 + (-10 + -4 - -2)?
9
What is 1 + -1 + -1 + -25 + 25?
-1
What is the value of 7 - (19 + -6) - (-11 - 1)?
6
Calculate 7 - (1 + 12) - (0 - 2).
-4
Evaluate 4 - (-1 + 0 - (-30 - -27)).
2
What is 6 + (-8 - -15) - 7?
6
Calculate 2 + (3 - 5) + -3.
-3
What is the value of -1 + 3 + (80 - 86)?
-4
What is (3 - -2) + 0 + 1 + -1?
5
Evaluate -1 - 1 - 3 - -1.
-4
Evaluate 1 + -12 - (-18 + -5 + 17).
-5
Evaluate -4 + 6 + -1 + -3.
-2
14 + (12 - 25) + -3
-2
0 - -3 - (-16 - -15)
4
Calculate -5 + -2 + -4 + 6.
-5
Calculate 9 + -3 + -12 + (2 - -4).
0
Evaluate 7 + (3 - (1 - 4) - 14).
-1
What is -13 - (-17 + 11) - (1 - 16)?
8
Calculate (-3 - -3) + (-2 - 0).
-2
What is -50 - -49 - (1 + (-8 - -1))?
5
What is -4 + 0 + (1 + 5 - 4)?
-2
-5 + 7 + 4 - -3 - 3
6
Calculate (0 - 3) + (11 - 8).
0
What is 1 + 0 - (6 - (10 - 4))?
1
Evaluate -12 + (0 + 6 - 2).
-8
What is (0 - -5) + -4 - (0 + 1)?
0
Calculate -2 - 7 - -8 - 1.
-2
What is -5 - (-7 - -1) - 6?
-5
What is -2 + 2 + -3 - -7?
4
What is the value of 4 + -7 - -3 - 6?
-6
Calculate 1 - (1 + -1) - -3.
4
What is -8 - -4 - -2 - 3?
-5
0 - 8 - (47 - 57)
2
Calculate 4 + (13 - 3) + -7 + -16.
-9
What is the value of 3 + 5 - (2 - -10)?
-4
What is the value of 6 - (-12 + 3 - (-3 + -4))?
8
What is 0 + -2 + 4 + (-3 - -1)?
0
Calculate 3 + -1 + (8 - (-1 - -1)).
10
What is the value of -2 + -7 + 3 + 4?
-2
-1 - (2 + -3) - (39 - 31)
-8
(-10 - -2) + (-36 - -39)
-5
Evaluate -5 + (3 - 0) - -2 - -3.
3
-6 - -4 - 0 - (-1 + 0)
-1
What is the value of 3 + -1 - (-5 + (4 - 1))?
4
What is the value of 2 + -3 + (4 - -4)?
7
What is -4 - (-20 + 12 + -2)?
6
Calculate 1 + (4 - 2) - (-1 + 1).
3
What is the value of (9 - (-4 - 3)) + -13?
3
What is the value of 6 + 2 + (-14 - -5) + 6?
5
Evaluate -3 + -6 + (3 - 1).
-7
What is the value of -3 + (-6 - -3 - -5) - -3?
2
3 - 2 - (13 - (17 + -15))
-10
What is -8 + 10 + (2 - 5)?
-1
Evaluate 9 + (-11 - (9 + -18)).
7
What is (2 + 0 - (-107 - -113)) + 11?
7
Calculate -5 - (4 - (1 - -6) - 4).
2
What is -1 + -4 + 5 + -3 + 7?
4
Evaluate -14 + 10 - (-3 - -1).
-2
What is (3 - (-2 + (9 - 6))) + -5?
-3
What is (1 - -5) + (6 - 14) + 6?
4
Evaluate -1 + (3 - (-1 + 0 + 6)).
-3
Evaluate 0 + (3 - 13) + 11.
1
What is the value of 4 - (7 + (-7 - -6))?
-2
What is -4 + (-4 - -2) - -3?
-3
Calculate 3 + -7 - (-14 - -9).
1
Calculate (-5 - -1 - -3) + (5 - 13).
-9
What is -3 + 4 + 0 - 5?
-4
6 + (-10 - (-5 + 3))
-2
What is -2 + 4 + (0 - -1) + -4?
-1
Calculate (0 - -2) + 2 - (13 + -9).
0
What is (2 - (-5 + 5 - -1)) + -2?
-1
0 - -3 - (-6 + (0 - -14))
-5
Evaluate 4 + -3 + 2 + 4.
7
What is the value of 4 + -5 + -2 + 1?
-2
Evaluate -2 - (5 - 5 - 4).
2
Evaluate -43 + 37 + (0 - (-5 - -2)).
-3
What is -3 + -10 + 4 + (-9 - -13)?
-5
What is the value of (-4 + -1 - -3 - -2) + -5?
-5
Evaluate -6 + 3 + (-10 - -12).
-1
3 - (-1 + -5 + 11)
-2
Calculate -5 - -7 - (-2 + 0).
4
(2 - (8 + -8)) + -6
-4
Calculate 11 - 0 - (-24 + (20 - -5)).
10
-3 - (-1 - (2 + 4))
4
Calculate (0 - 0) + (13 - 10 - 5).
-2
Calculate -2 - -1 - (5 + -10).
4
(12 + -8 - 1) + 0 + -2
1
Calculate 3 + 6 + (8 - 14) + 4.
7
Evaluate 4 + -3 + (-1 - (-3 - -1)).
2
Calculate -8 + (12 - 14) + 8 + -1.
-3
What is the value of -6 + (-3 - 1) + 1 + 7?
-2
Calculate -3 + 1 - (-8 - (6 - 5)).
7
What is 1 - 3 - (10 + -13)?
1
What is -1 - (-2 + 3 + -5)?
3
What is the value of -17 + 7 - 2 - (1 - 8)?
-5
Calculate (1 - -8 - 24) + 6 + 0.
-9
Evaluate 0 - 1 - (-8 + 12).
-5
What is the value of -2 - 7 - 0 - -5?
-4
What is the value of 0 + 1 - (7 - (1 - -6))?
1
What is the value of 2 - (-4 + 0) - 2?
4
Calculate -7 + (-2 + 7 - (6 - 15)).
7
(-8 - (0 - 9)) + -7
-6
Calculate -3 + 0 + -3 + 1.
-5
Calculate 1 + (-16 - -3) + 5 - -3.
-4
Calculate 8 + (-3 - -3) + -1 + -4.
3
Evaluate -9 + 0 + -1 - (-164 + 159).
-5
6 + 0 + (3 - 5)
4
Evaluate 1 + 4 - (13 + -11).
3
5 - (0 + 6 - 11 - 0)
10
What is the value of 3 + -5 + -1 + 6 + 4?
7
Evaluate -5 + (6 - -2) + -7.
-4
What is the value of (-11 - 9) + 8 + 7?
-5
Evaluate 8 - (-3 + 6 + -2).
7
What is the value of -1 - (2 + 0 + -3) - 0?
0
Calculate (-3 - (8 - 3)) + 12.
4
What is the value of -2 + (-4 - (-2 + -4 - -2))?
-2
Evaluate (10 - (2 + 7)) + -6.
-5
Evaluate (3 + -1 + -6 - -8) + -3.
1
What is the value of 6 + 18 + -10 + (-6 - 1)?
7
What is the value of (-2 - (1 - -1 - 1)) + 0?
-3
5 + (4 - -7) + -11
5
Evaluate 8 + (-1 - 5) - 3.
-1
Calculate -92 + 91 + 8 + -1.
6
What is -7 + 3 + (5 - 4) + 6?
3
Evaluate 2 - -1 - (27 + -30).
6
Evaluate -4 + (7 - 5) - -6.
4
(-4 - -8) + -4 + (-1 - 3)
-4
What is the value of -4 + 17 + -8 + 0?
5
What is the value of -2 + 5 + -10 - -13?
6
Calculate 11 - ((-16 - -18) + 2 + 1).
6
What is 7 - 5 - (3 + -1)?
0
What is -1 - (10 + -6 - (1 - -1))?
-3
What is the value of -1 + 4 + -3 + -3?
-3
What is 5 + (2 - -2 - 6)?
3
Evaluate (0 - -11) + (-36 - -29).
4
What is (-6 - -3 - (-4 + -1)) + 1?
3
What is the value of -7 - (4 + 1 + -14)?
2
Calculate -3 + (-1 - ((-5 - -3) + 0)).
-2
Calculate 35 + -35 + (2 - 2) + 2.
2
Calculate -1 - (-1 + -3 + 1 + 2).
0
Calculate 59 + -63 + 2 + (6 - 0).
4
(2 - (-5 + 7)) + -1 + 1
0
Calculate (0 - 10) + 11 + -6.
-5
Calculate 9 + -3 + 3 + -14.
-5
Calculate -17 - -11 - (-2 + -1).
-3
What is the value of (-1 - 3) + 1 + 2 + 2?
1
Evaluate -4 + 4 - 9 - (0 + -6).
-3
Calculate 7 - ((-2 - -7) + (-8 - -6)).
4
What is the value of -1 + 2 - (-55 + 65)?
-9
Evaluate 1 + 2 + 2 + -1.
4
(59 - 65) + 11 + 1
6
What is the value of 2 - 4 - (12 - 13)?
-1
Calculate 9 - (17 - -8 - 9).
-7
Calculate 6 - (7 + -11 + 2).
8
What is (5 - 6) + 2 + 0 + -9?
-8
What is the value of 2 + -6 + -4 + 13?
5
8 + 11 + -19 + (2 - 3)
-1
Calculate -2 - -2 - 6 - -3.
-3
What is the value of -28 + 35 + -9 + -1?
-3
What is the value of 5 - 7 - (-6 + 0) - -3?
7
(-4 - 3) + (2 - 0)
-5
Evaluate 8 - (8 + -5 + 1).
4
7 - 10 - (-6 - -1)
2
(5 - -1 - 4) + -6
-4
Calculate 17 + -16 + 8 - 2.
7
What is 2 + 3 + -4 + -2?
-1
What is the value of -6 + 6 - 2 - (0 + 2)?
-4
Evaluate 18 + (4 + -10 + -8 - -5).
9
(0 - 3) + (3 - (-4 + 5))
-1
Evaluate -3 + (3 + 1 + -3 - -6).
4
Evaluate 6 + (-1 - 1 - 6).
-2
Calculate -3 - (-1 + -7 + 2).
3
(-1 - -3) + 12 + -18 - 4
-8
-3 + (3 - (-2 - 2 - -1))
3
What is -2 - (2 - (1 + -2 + 2))?
-3
Calculate -21 + 14 + 11 + 1.
5
-6 - -2 - (10 + -14)
0
What is the value of 0 - (4 - -8) - -7?
-5
(46 - 39) + -2 + 2
7
What is -4 + (1 + 5 + -4 - -7)?
5
8 + (9 + -6 - 9)
2
What is 2 - (-4 + 3 + -1)?
4
-13 + 23 - (5 + 2)
3
What is -8 + 6 - -1 - 1?
-2
Calculate (3 - (-9 - -12)) + 6.
6
Evaluate 5 + (2 + -3 - 0) - -1.
5
Calculate 7 + (7 - (11 - 3)).
6
What is the value of 0 + -2 + -2 + (-7 - -13)?
2
2 + (-14 - -8) - 0
-4
What is the value of 5 + (3 - (-2 + 7)) - 5?
-2
What is -1 - ((-6 - -3) + -2)?
4
Calculate -6 + 10 - (5 + -8 + 12).
-5
-24 + 24 + (1 - 1)
0
61 + -61 + -6 + (0 - -1)
-5
0 + -4 - (-19 + 19)
-4
What is -42 - -50 - (7 - -1)?
0
Calculate 0 + 4 + (9 - 11).
2
Evaluate 4 - 5 - (7 - 4).
-4
What is (-6 - -3 - (-10 + 3)) + -3?
1
Calculate 0 - 4 - -4 - (-2 - -5).
-3
Evaluate 8 - 22 - -8 - -10.
4
What is (-5 - -9) + -4 + 6 - 7?
-1
Calculate (-5 - (0 + -10)) + -6.
-1
What is -12 + (-5 - -8) - (0 - 0)?
-9
(0 - 0 - 1) + 3 + -6
-4
What is -3 + (1 - 1) - 2?
-5
What is -8 + -19 + 13 + 6?
-8
What is 1 - (-4 - -2 - -1)?
2
What is (0 - (-1 - -3)) + (7 - 1)?
4
What is 1 + 2 + (-6 - -5 - -1)?
3
Calculate -2 + 4 + (20 - 7) + -10.
5
Evaluate -2 + 16 + -15 + (-2 - -1).
-2
What is 0 - (7 + 11 + 4 + -12)?
-10
What is the value of 22 + -17 + (1 - 6)?
0
Calculate 2 + 1 + -1 - (0 + -1).
3
4 - (5 - (-1 + 4 - 4))
-2
Evaluate -9 + 7 + (5 + -7 - 1).
-5
What is -2 - (1 + (-1 - 2 - -3))?
-3
What is the value of (-3 - 2 - -4) + -4?
-5
16 - 9 - (2 + 3)
2
Calculate 5 - (6 + -7 - (-9 + 3)).
0
What is -8 - (6 + -6 + -2)?
-6
What is the value of -2 - (-3 + 2 + -6) - 0?
5
(-2 - 0) + (-4 - -16) + -